{"id":575,"date":"2024-04-26T11:33:27","date_gmt":"2024-04-26T11:33:27","guid":{"rendered":"https:\/\/dev-unbaa.justdo-it.at\/?page_id=575"},"modified":"2025-08-07T09:44:37","modified_gmt":"2025-08-07T09:44:37","slug":"wolleigenschaften-copy","status":"publish","type":"page","link":"https:\/\/www.elegant-kalam.194-182-172-241.plesk.page\/?page_id=575","title":{"rendered":"Wolleigenschaften &#8211; Copy"},"content":{"rendered":"\t\t<div data-elementor-type=\"wp-page\" data-elementor-id=\"575\" class=\"elementor elementor-575\" data-elementor-post-type=\"page\">\n\t\t\t\t<div class=\"elementor-element elementor-element-22821076 e-con-full e-flex e-con e-parent\" data-id=\"22821076\" data-element_type=\"container\" data-e-type=\"container\" data-settings=\"{&quot;background_background&quot;:&quot;classic&quot;,&quot;background_motion_fx_motion_fx_scrolling&quot;:&quot;yes&quot;,&quot;background_motion_fx_translateY_effect&quot;:&quot;yes&quot;,&quot;background_motion_fx_translateY_speed&quot;:{&quot;unit&quot;:&quot;px&quot;,&quot;size&quot;:4,&quot;sizes&quot;:[]},&quot;background_motion_fx_translateY_affectedRange&quot;:{&quot;unit&quot;:&quot;%&quot;,&quot;size&quot;:&quot;&quot;,&quot;sizes&quot;:{&quot;start&quot;:0,&quot;end&quot;:100}},&quot;background_motion_fx_devices&quot;:[&quot;desktop&quot;,&quot;tablet&quot;,&quot;mobile&quot;]}\">\n\t\t\t\t<div class=\"elementor-element elementor-element-79899bd7 elementor-widget elementor-widget-heading\" data-id=\"79899bd7\" data-element_type=\"widget\" data-e-type=\"widget\" data-widget_type=\"heading.default\">\n\t\t\t\t<div class=\"elementor-widget-container\">\n\t\t\t\t\t<h1 class=\"elementor-heading-title elementor-size-default\">Wolleigenschaften<\/h1>\t\t\t\t<\/div>\n\t\t\t\t<\/div>\n\t\t\t\t<\/div>\n\t\t<div class=\"elementor-element elementor-element-eddcb39 e-flex e-con-boxed e-con e-parent\" data-id=\"eddcb39\" data-element_type=\"container\" data-e-type=\"container\">\n\t\t\t\t\t<div class=\"e-con-inner\">\n\t\t\t\t<div class=\"elementor-element elementor-element-f4b7655 elementor-widget elementor-widget-heading\" data-id=\"f4b7655\" data-element_type=\"widget\" data-e-type=\"widget\" data-widget_type=\"heading.default\">\n\t\t\t\t<div class=\"elementor-widget-container\">\n\t\t\t\t\t<h2 class=\"elementor-heading-title elementor-size-default\">Eigenschaften der Wolle<\/h2>\t\t\t\t<\/div>\n\t\t\t\t<\/div>\n\t\t\t\t<div class=\"elementor-element elementor-element-80e4ed9 elementor-widget__width-initial elementor-widget elementor-widget-text-editor\" data-id=\"80e4ed9\" data-element_type=\"widget\" data-e-type=\"widget\" data-widget_type=\"text-editor.default\">\n\t\t\t\t<div class=\"elementor-widget-container\">\n\t\t\t\t\t\t\t\t\t<p>Die Bezeichnungen Schurwolle oder Reine Schurwolle besagen, dass es sich um neue, unmittelbar von einem lebenden Tier stammende Wolle.<\/p><p>Die Vorteile, die Wolle im Gegensatz zu Kunstfasern hat, werden h\u00e4ufig untersch\u00e4tzt. Dadurch sollte man sich synthetisch hergestellte Fasern in einigen Punkten gut \u00fcberlegen. Au\u00dferdem ist zunehmend bekannt, dass synthetische Fasern durch das Waschen in der Waschmaschine \u00fcber die Abw\u00e4sser zunehmend eine Gefahr f\u00fcr zB Fische\/Tiere und Pflanzen in unsere Umwelt gef\u00e4hrden.<\/p>\t\t\t\t\t\t\t\t<\/div>\n\t\t\t\t<\/div>\n\t\t\t\t\t<\/div>\n\t\t\t\t<\/div>\n\t\t<div class=\"elementor-element elementor-element-f2d8f9a e-grid e-con-boxed e-con e-parent\" data-id=\"f2d8f9a\" data-element_type=\"container\" data-e-type=\"container\">\n\t\t\t\t\t<div class=\"e-con-inner\">\n\t\t<div class=\"elementor-element elementor-element-066ff35 e-con-full e-flex e-con e-child\" data-id=\"066ff35\" data-element_type=\"container\" data-e-type=\"container\" data-settings=\"{&quot;background_background&quot;:&quot;classic&quot;}\">\n\t\t\t\t<div class=\"elementor-element elementor-element-3c90aaf elementor-widget elementor-widget-text-editor\" data-id=\"3c90aaf\" data-element_type=\"widget\" data-e-type=\"widget\" data-widget_type=\"text-editor.default\">\n\t\t\t\t<div class=\"elementor-widget-container\">\n\t\t\t\t\t\t\t\t\tWolle hat eine so genannte nat\u00fcrliche Thermoregulations-Eigenschaft. Die Wollfaseroberfl\u00e4che hat eine dachziegelartige, w\u00e4rmed\u00e4mmende Schuppenstruktur. Dadurch k\u00f6nnen sich unterschiedlich gerichtete Wollfasern aneinander verhaken und verfilzen.\t\t\t\t\t\t\t\t<\/div>\n\t\t\t\t<\/div>\n\t\t\t\t<\/div>\n\t\t<div class=\"elementor-element elementor-element-e8142e4 e-con-full e-flex e-con e-child\" data-id=\"e8142e4\" data-element_type=\"container\" data-e-type=\"container\" data-settings=\"{&quot;background_background&quot;:&quot;classic&quot;}\">\n\t\t\t\t<div class=\"elementor-element elementor-element-d18ed50 elementor-widget elementor-widget-text-editor\" data-id=\"d18ed50\" data-element_type=\"widget\" data-e-type=\"widget\" data-widget_type=\"text-editor.default\">\n\t\t\t\t<div class=\"elementor-widget-container\">\n\t\t\t\t\t\t\t\t\tDa Wollwaren (bezogen auf ihr Gesamtvolumen) aus bis zu 85 % Luft bestehen und das Gewebe Konvektion verhindert, eignen sie sich als W\u00e4rmeisolatoren. Umgangssprachlich hei\u00dft es deshalb, dass Wolle gut \u201ew\u00e4rmt\u201c, obwohl Wolle selbst eigentlich nur die W\u00e4rme des K\u00f6rpers speichert.\t\t\t\t\t\t\t\t<\/div>\n\t\t\t\t<\/div>\n\t\t\t\t<\/div>\n\t\t<div class=\"elementor-element elementor-element-3ed0dcd e-con-full e-flex e-con e-child\" data-id=\"3ed0dcd\" data-element_type=\"container\" data-e-type=\"container\" data-settings=\"{&quot;background_background&quot;:&quot;classic&quot;}\">\n\t\t\t\t<div class=\"elementor-element elementor-element-ef366ff elementor-widget elementor-widget-text-editor\" data-id=\"ef366ff\" data-element_type=\"widget\" data-e-type=\"widget\" data-widget_type=\"text-editor.default\">\n\t\t\t\t<div class=\"elementor-widget-container\">\n\t\t\t\t\t\t\t\t\tWolle kann gro\u00dfe Mengen an Wasserdampf aufnehmen, die Oberfl\u00e4che st\u00f6\u00dft Wasser jedoch ab. Die Aufnahme kann bis zu 33 % des Trockengewichts der Wolle betragen, ohne dass sie sich feucht anf\u00fchlt.\t\t\t\t\t\t\t\t<\/div>\n\t\t\t\t<\/div>\n\t\t\t\t<\/div>\n\t\t<div class=\"elementor-element elementor-element-582ba44 e-con-full e-flex e-con e-child\" data-id=\"582ba44\" data-element_type=\"container\" data-e-type=\"container\" data-settings=\"{&quot;background_background&quot;:&quot;classic&quot;}\">\n\t\t\t\t<div class=\"elementor-element elementor-element-6ae9f53 elementor-widget elementor-widget-text-editor\" data-id=\"6ae9f53\" data-element_type=\"widget\" data-e-type=\"widget\" data-widget_type=\"text-editor.default\">\n\t\t\t\t<div class=\"elementor-widget-container\">\n\t\t\t\t\t\t\t\t\tAu\u00dferdem leitet sie die Feuchtigkeit wesentlich schneller ab als beispielsweise die viel verwendete Baumwolle.\t\t\t\t\t\t\t\t<\/div>\n\t\t\t\t<\/div>\n\t\t\t\t<\/div>\n\t\t\t\t\t<\/div>\n\t\t\t\t<\/div>\n\t\t<div class=\"elementor-element elementor-element-1c0b1e5 e-grid e-con-boxed e-con e-parent\" data-id=\"1c0b1e5\" data-element_type=\"container\" data-e-type=\"container\">\n\t\t\t\t\t<div class=\"e-con-inner\">\n\t\t<div class=\"elementor-element elementor-element-fdb362e e-con-full e-flex e-con e-child\" data-id=\"fdb362e\" data-element_type=\"container\" data-e-type=\"container\" data-settings=\"{&quot;background_background&quot;:&quot;classic&quot;}\">\n\t\t\t\t<div class=\"elementor-element elementor-element-f72ba89 elementor-widget elementor-widget-text-editor\" data-id=\"f72ba89\" data-element_type=\"widget\" data-e-type=\"widget\" data-widget_type=\"text-editor.default\">\n\t\t\t\t<div class=\"elementor-widget-container\">\n\t\t\t\t\t\t\t\t\tWolle nimmt Schmutz schlecht an, die elastische Faser knittert kaum. Sie ist sehr Farbbest\u00e4ndig und schwer entflammbar. Sie brennt nicht, sondern verkohlt nur.\t\t\t\t\t\t\t\t<\/div>\n\t\t\t\t<\/div>\n\t\t\t\t<\/div>\n\t\t<div class=\"elementor-element elementor-element-9631a73 e-con-full e-flex e-con e-child\" data-id=\"9631a73\" data-element_type=\"container\" data-e-type=\"container\" data-settings=\"{&quot;background_background&quot;:&quot;classic&quot;}\">\n\t\t\t\t<div class=\"elementor-element elementor-element-18568cf elementor-widget elementor-widget-text-editor\" data-id=\"18568cf\" data-element_type=\"widget\" data-e-type=\"widget\" data-widget_type=\"text-editor.default\">\n\t\t\t\t<div class=\"elementor-widget-container\">\n\t\t\t\t\t\t\t\t\tWolle nimmt im Gegensatz zu Kunstfasern wenig Ger\u00fcche (z. B. Schwei\u00df) an und hat eine nat\u00fcrliche Selbstreinigungsfunktion \u2013 aufgenommener Geruch wird wieder an die Luft abgegeben. die Wolle riecht nach kurzem L\u00fcften wieder neutral und frisch.\t\t\t\t\t\t\t\t<\/div>\n\t\t\t\t<\/div>\n\t\t\t\t<\/div>\n\t\t<div class=\"elementor-element elementor-element-5918745 e-con-full e-flex e-con e-child\" data-id=\"5918745\" data-element_type=\"container\" data-e-type=\"container\" data-settings=\"{&quot;background_background&quot;:&quot;classic&quot;}\">\n\t\t\t\t<div class=\"elementor-element elementor-element-cfd9891 elementor-widget elementor-widget-text-editor\" data-id=\"cfd9891\" data-element_type=\"widget\" data-e-type=\"widget\" data-widget_type=\"text-editor.default\">\n\t\t\t\t<div class=\"elementor-widget-container\">\n\t\t\t\t\t\t\t\t\tF\u00fcr technische Anwendungen eignet sich insbesondere Wolle vom Schaf als antistatisches und schwer entflammbares Material, z. B. Teppich, Teppichboden, in den Sitzen von Autos und Flugzeugen.\t\t\t\t\t\t\t\t<\/div>\n\t\t\t\t<\/div>\n\t\t\t\t<\/div>\n\t\t<div class=\"elementor-element elementor-element-ce7cacb e-con-full e-flex e-con e-child\" data-id=\"ce7cacb\" data-element_type=\"container\" data-e-type=\"container\" data-settings=\"{&quot;background_background&quot;:&quot;classic&quot;}\">\n\t\t\t\t<div class=\"elementor-element elementor-element-4277fa8 elementor-widget elementor-widget-text-editor\" data-id=\"4277fa8\" data-element_type=\"widget\" data-e-type=\"widget\" data-widget_type=\"text-editor.default\">\n\t\t\t\t<div class=\"elementor-widget-container\">\n\t\t\t\t\t\t\t\t\tAls D\u00e4mmstoff. Aufgrund der wasserspeichernden und luftaufnehmenden Eigenschaften sind Wollsocken (mind. 70 % Anteil reiner Wolle) bestens geeignet um warme F\u00fc\u00dfe zu behalten. Nur ein feuchter Fu\u00df wird kalt. Wollsocken sind deshalb effizienter als eine Doppelschicht (k\u00fchlender) Baumwollsocken.\t\t\t\t\t\t\t\t<\/div>\n\t\t\t\t<\/div>\n\t\t\t\t<\/div>\n\t\t\t\t\t<\/div>\n\t\t\t\t<\/div>\n\t\t<div class=\"elementor-element elementor-element-c20d5e2 e-con-full ba-nospacing e-flex e-con e-parent\" data-id=\"c20d5e2\" data-element_type=\"container\" data-e-type=\"container\">\n\t\t<div class=\"elementor-element elementor-element-9ceafcd e-con-full e-flex e-con e-child\" data-id=\"9ceafcd\" data-element_type=\"container\" data-e-type=\"container\">\n\t\t\t\t<div class=\"elementor-element elementor-element-b0be9fa elementor-widget elementor-widget-heading\" data-id=\"b0be9fa\" data-element_type=\"widget\" data-e-type=\"widget\" data-widget_type=\"heading.default\">\n\t\t\t\t<div class=\"elementor-widget-container\">\n\t\t\t\t\t<h2 class=\"elementor-heading-title elementor-size-default\">Gesundheitliche Positive Wirkung der Wolle\u200b<\/h2>\t\t\t\t<\/div>\n\t\t\t\t<\/div>\n\t\t\t\t<div class=\"elementor-element elementor-element-0ee3fd6 elementor-widget elementor-widget-text-editor\" data-id=\"0ee3fd6\" data-element_type=\"widget\" data-e-type=\"widget\" data-widget_type=\"text-editor.default\">\n\t\t\t\t<div class=\"elementor-widget-container\">\n\t\t\t\t\t\t\t\t\t<p>&#8211; Dr. med. Waldemar S\u00f3jka CHIRURG, FACHARZT F\u00dcR BALNEOKLIMATOLOGIE I PHYSIKALISCHE MEDIZIN<\/p>\t\t\t\t\t\t\t\t<\/div>\n\t\t\t\t<\/div>\n\t\t\t\t<\/div>\n\t\t\t\t<\/div>\n\t\t<div class=\"elementor-element elementor-element-78268d5 e-flex e-con-boxed e-con e-parent\" data-id=\"78268d5\" data-element_type=\"container\" data-e-type=\"container\">\n\t\t\t\t\t<div class=\"e-con-inner\">\n\t\t<div class=\"elementor-element elementor-element-79d91d7 e-con-full e-flex e-con e-child\" data-id=\"79d91d7\" data-element_type=\"container\" data-e-type=\"container\">\n\t\t\t\t<div class=\"elementor-element elementor-element-634c5cc elementor-widget elementor-widget-text-editor\" data-id=\"634c5cc\" data-element_type=\"widget\" data-e-type=\"widget\" data-widget_type=\"text-editor.default\">\n\t\t\t\t<div class=\"elementor-widget-container\">\n\t\t\t\t\t\t\t\t\t<ul><li>Wolle neutralisiert positive Ionen, die den menschliche Organismus st\u00f6ren. Auswirkungen sind M\u00fcdigkeit, Muskelschmerzen und \u00fcberm\u00e4\u00dfige Erregbarkeit. Wolle enthalten Lanolin. Ein nat\u00fcrliches leichtes Fett aus den Hautdr\u00fcsen wirkt gegen Rheuma und verbessert den Blutkreislauf unter der Haut und verlangsamt Alterungsprozess.<\/li><li>Gelenkkontraktur (Gelenkfehlstellung)<\/li><li>Zust\u00e4nde der Bewegungsorgane nach Verletzungen<\/li><li>Krankheiten der peripheren Gef\u00e4\u00dfe<\/li><li>Nervenschmerzen, Krankheiten der peripheren Nerven, Schulter- Arm- und Ischiassyndrom (Ischiassyndrom, umgangssprachlich Ischias: Erkrankung des Nervus ischiadicus, gekennzeichnet durch von der Lendenwirbels\u00e4ule in das Bein der betroffenen Seite ausstrahlende Schmerzen.), Polyneuropathie (Die Polyneuropathie ist eine Erkrankung des peripheren (peripher = am Rande) Nervensystems.)<\/li><li>St\u00f6rungen der Thermoregulation<\/li><li>Krankheiten des Knochen- und Gelenksystems, Muskelsystems und Bindegewebes (z.B. Die rheumatoide Arthritis, chronische entz\u00fcndliche Erkrankung der Gelenke und Gewebe in Gelenkn\u00e4he, Spondylitis ankylosans- chronisch entz\u00fcndliche rheumatische Erkrankung mit Schmerzen und Versteifung von Gelenken, Arthrose peripherer Gelenke und Wirbels\u00e4ule, Diskopathie, Kreuzschmerzen)<\/li><li>Prophylaxe gegen Dekubitus<\/li><li>Sie finden bei der Thermotherapie zur Verl\u00e4ngerung des W\u00e4rme- Effektes, z.B. nach der Massage, ihre Anwendung.<\/li><\/ul>\t\t\t\t\t\t\t\t<\/div>\n\t\t\t\t<\/div>\n\t\t\t\t<\/div>\n\t\t\t\t\t<\/div>\n\t\t\t\t<\/div>\n\t\t<div class=\"elementor-element elementor-element-40023d5d e-flex e-con-boxed e-con e-parent\" data-id=\"40023d5d\" data-element_type=\"container\" data-e-type=\"container\">\n\t\t\t\t\t<div class=\"e-con-inner\">\n\t\t\t\t<div class=\"elementor-element elementor-element-624e3ea elementor-align-center elementor-widget elementor-widget-button\" data-id=\"624e3ea\" data-element_type=\"widget\" data-e-type=\"widget\" data-widget_type=\"button.default\">\n\t\t\t\t<div class=\"elementor-widget-container\">\n\t\t\t\t\t\t\t\t\t<div class=\"elementor-button-wrapper\">\n\t\t\t\t\t<a class=\"elementor-button elementor-button-link elementor-size-sm\" href=\"https:\/\/www.elegant-kalam.194-182-172-241.plesk.page\/?page_id=764\">\n\t\t\t\t\t\t<span class=\"elementor-button-content-wrapper\">\n\t\t\t\t\t\t\t\t\t<span class=\"elementor-button-text\">Jetzt anfragen<\/span>\n\t\t\t\t\t<\/span>\n\t\t\t\t\t<\/a>\n\t\t\t\t<\/div>\n\t\t\t\t\t\t\t\t<\/div>\n\t\t\t\t<\/div>\n\t\t\t\t\t<\/div>\n\t\t\t\t<\/div>\n\t\t\t\t<\/div>\n\t\t","protected":false},"excerpt":{"rendered":"<p>Wolleigenschaften Eigenschaften der Wolle Die Bezeichnungen Schurwolle oder Reine Schurwolle besagen, dass es sich um neue, unmittelbar von einem lebenden Tier stammende Wolle. Die Vorteile, die Wolle im Gegensatz zu Kunstfasern hat, werden h\u00e4ufig untersch\u00e4tzt. Dadurch sollte man sich synthetisch hergestellte Fasern in einigen Punkten gut \u00fcberlegen. Au\u00dferdem ist zunehmend bekannt, dass synthetische Fasern durch [&hellip;]<\/p>\n","protected":false},"author":3,"featured_media":0,"parent":0,"menu_order":0,"comment_status":"closed","ping_status":"closed","template":"","meta":{"footnotes":""},"class_list":["post-575","page","type-page","status-publish","hentry"],"yoast_head":"<!-- This site is optimized with the Yoast SEO plugin v27.4 - https:\/\/yoast.com\/product\/yoast-seo-wordpress\/ -->\n<title>Wolleigenschaften - Copy - Nachhaltige Naturtextilien Unbaa<\/title>\n<meta name=\"description\" content=\"Erfahren Sie alles \u00fcber die einzigartigen Eigenschaften von Wolle: nat\u00fcrliche Thermoregulation, Selbstreinigung, hohe Feuchtigkeitsaufnahme und gesundheitliche Vorteile.\" \/>\n<meta name=\"robots\" content=\"noindex, follow, max-snippet:-1, max-image-preview:large, max-video-preview:-1\" \/>\n<meta property=\"og:locale\" content=\"de_DE\" \/>\n<meta property=\"og:type\" content=\"article\" \/>\n<meta property=\"og:title\" content=\"Wolleigenschaften - Copy - Nachhaltige Naturtextilien Unbaa\" \/>\n<meta property=\"og:description\" content=\"Erfahren Sie alles \u00fcber die einzigartigen Eigenschaften von Wolle: nat\u00fcrliche Thermoregulation, Selbstreinigung, hohe Feuchtigkeitsaufnahme und gesundheitliche Vorteile.\" \/>\n<meta property=\"og:url\" content=\"https:\/\/www.elegant-kalam.194-182-172-241.plesk.page\/?page_id=575\" \/>\n<meta property=\"og:site_name\" content=\"Nachhaltige Naturtextilien Unbaa\" \/>\n<meta property=\"article:modified_time\" content=\"2025-08-07T09:44:37+00:00\" \/>\n<meta name=\"twitter:card\" content=\"summary_large_image\" \/>\n<meta name=\"twitter:label1\" content=\"Gesch\u00e4tzte Lesezeit\" \/>\n\t<meta name=\"twitter:data1\" content=\"3\u00a0Minuten\" \/>\n<script type=\"application\/ld+json\" class=\"yoast-schema-graph\">{\"@context\":\"https:\\\/\\\/schema.org\",\"@graph\":[{\"@type\":\"WebPage\",\"@id\":\"https:\\\/\\\/www.elegant-kalam.194-182-172-241.plesk.page\\\/?page_id=575\",\"url\":\"https:\\\/\\\/www.elegant-kalam.194-182-172-241.plesk.page\\\/?page_id=575\",\"name\":\"Wolleigenschaften - Copy - Nachhaltige Naturtextilien Unbaa\",\"isPartOf\":{\"@id\":\"https:\\\/\\\/www.elegant-kalam.194-182-172-241.plesk.page\\\/#website\"},\"datePublished\":\"2024-04-26T11:33:27+00:00\",\"dateModified\":\"2025-08-07T09:44:37+00:00\",\"description\":\"Erfahren Sie alles \u00fcber die einzigartigen Eigenschaften von Wolle: nat\u00fcrliche Thermoregulation, Selbstreinigung, hohe Feuchtigkeitsaufnahme und gesundheitliche Vorteile.\",\"breadcrumb\":{\"@id\":\"https:\\\/\\\/www.elegant-kalam.194-182-172-241.plesk.page\\\/?page_id=575#breadcrumb\"},\"inLanguage\":\"de\",\"potentialAction\":[{\"@type\":\"ReadAction\",\"target\":[\"https:\\\/\\\/www.elegant-kalam.194-182-172-241.plesk.page\\\/?page_id=575\"]}]},{\"@type\":\"BreadcrumbList\",\"@id\":\"https:\\\/\\\/www.elegant-kalam.194-182-172-241.plesk.page\\\/?page_id=575#breadcrumb\",\"itemListElement\":[{\"@type\":\"ListItem\",\"position\":1,\"name\":\"Startseite\",\"item\":\"https:\\\/\\\/www.elegant-kalam.194-182-172-241.plesk.page\\\/\"},{\"@type\":\"ListItem\",\"position\":2,\"name\":\"Wolleigenschaften &#8211; Copy\"}]},{\"@type\":\"WebSite\",\"@id\":\"https:\\\/\\\/www.elegant-kalam.194-182-172-241.plesk.page\\\/#website\",\"url\":\"https:\\\/\\\/www.elegant-kalam.194-182-172-241.plesk.page\\\/\",\"name\":\"Nachhaltige Naturtextilien Unbaa\",\"description\":\"Nachhaltige Naturtextilien\",\"publisher\":{\"@id\":\"https:\\\/\\\/www.elegant-kalam.194-182-172-241.plesk.page\\\/#organization\"},\"potentialAction\":[{\"@type\":\"SearchAction\",\"target\":{\"@type\":\"EntryPoint\",\"urlTemplate\":\"https:\\\/\\\/www.elegant-kalam.194-182-172-241.plesk.page\\\/?s={search_term_string}\"},\"query-input\":{\"@type\":\"PropertyValueSpecification\",\"valueRequired\":true,\"valueName\":\"search_term_string\"}}],\"inLanguage\":\"de\"},{\"@type\":\"Organization\",\"@id\":\"https:\\\/\\\/www.elegant-kalam.194-182-172-241.plesk.page\\\/#organization\",\"name\":\"Nachhaltige Naturtextilien Unbaa\",\"url\":\"https:\\\/\\\/www.elegant-kalam.194-182-172-241.plesk.page\\\/\",\"logo\":{\"@type\":\"ImageObject\",\"inLanguage\":\"de\",\"@id\":\"https:\\\/\\\/www.elegant-kalam.194-182-172-241.plesk.page\\\/#\\\/schema\\\/logo\\\/image\\\/\",\"url\":\"https:\\\/\\\/www.elegant-kalam.194-182-172-241.plesk.page\\\/wp-content\\\/uploads\\\/2023\\\/11\\\/weltmuseium_unbaa2.jpg\",\"contentUrl\":\"https:\\\/\\\/www.elegant-kalam.194-182-172-241.plesk.page\\\/wp-content\\\/uploads\\\/2023\\\/11\\\/weltmuseium_unbaa2.jpg\",\"width\":114,\"height\":114,\"caption\":\"Nachhaltige Naturtextilien Unbaa\"},\"image\":{\"@id\":\"https:\\\/\\\/www.elegant-kalam.194-182-172-241.plesk.page\\\/#\\\/schema\\\/logo\\\/image\\\/\"}}]}<\/script>\n<!-- \/ Yoast SEO plugin. -->","yoast_head_json":{"title":"Wolleigenschaften - Copy - Nachhaltige Naturtextilien Unbaa","description":"Erfahren Sie alles \u00fcber die einzigartigen Eigenschaften von Wolle: nat\u00fcrliche Thermoregulation, Selbstreinigung, hohe Feuchtigkeitsaufnahme und gesundheitliche Vorteile.","robots":{"index":"noindex","follow":"follow","max-snippet":"max-snippet:-1","max-image-preview":"max-image-preview:large","max-video-preview":"max-video-preview:-1"},"og_locale":"de_DE","og_type":"article","og_title":"Wolleigenschaften - Copy - Nachhaltige Naturtextilien Unbaa","og_description":"Erfahren Sie alles \u00fcber die einzigartigen Eigenschaften von Wolle: nat\u00fcrliche Thermoregulation, Selbstreinigung, hohe Feuchtigkeitsaufnahme und gesundheitliche Vorteile.","og_url":"https:\/\/www.elegant-kalam.194-182-172-241.plesk.page\/?page_id=575","og_site_name":"Nachhaltige Naturtextilien Unbaa","article_modified_time":"2025-08-07T09:44:37+00:00","twitter_card":"summary_large_image","twitter_misc":{"Gesch\u00e4tzte Lesezeit":"3\u00a0Minuten"},"schema":{"@context":"https:\/\/schema.org","@graph":[{"@type":"WebPage","@id":"https:\/\/www.elegant-kalam.194-182-172-241.plesk.page\/?page_id=575","url":"https:\/\/www.elegant-kalam.194-182-172-241.plesk.page\/?page_id=575","name":"Wolleigenschaften - Copy - Nachhaltige Naturtextilien Unbaa","isPartOf":{"@id":"https:\/\/www.elegant-kalam.194-182-172-241.plesk.page\/#website"},"datePublished":"2024-04-26T11:33:27+00:00","dateModified":"2025-08-07T09:44:37+00:00","description":"Erfahren Sie alles \u00fcber die einzigartigen Eigenschaften von Wolle: nat\u00fcrliche Thermoregulation, Selbstreinigung, hohe Feuchtigkeitsaufnahme und gesundheitliche Vorteile.","breadcrumb":{"@id":"https:\/\/www.elegant-kalam.194-182-172-241.plesk.page\/?page_id=575#breadcrumb"},"inLanguage":"de","potentialAction":[{"@type":"ReadAction","target":["https:\/\/www.elegant-kalam.194-182-172-241.plesk.page\/?page_id=575"]}]},{"@type":"BreadcrumbList","@id":"https:\/\/www.elegant-kalam.194-182-172-241.plesk.page\/?page_id=575#breadcrumb","itemListElement":[{"@type":"ListItem","position":1,"name":"Startseite","item":"https:\/\/www.elegant-kalam.194-182-172-241.plesk.page\/"},{"@type":"ListItem","position":2,"name":"Wolleigenschaften &#8211; Copy"}]},{"@type":"WebSite","@id":"https:\/\/www.elegant-kalam.194-182-172-241.plesk.page\/#website","url":"https:\/\/www.elegant-kalam.194-182-172-241.plesk.page\/","name":"Nachhaltige Naturtextilien Unbaa","description":"Nachhaltige Naturtextilien","publisher":{"@id":"https:\/\/www.elegant-kalam.194-182-172-241.plesk.page\/#organization"},"potentialAction":[{"@type":"SearchAction","target":{"@type":"EntryPoint","urlTemplate":"https:\/\/www.elegant-kalam.194-182-172-241.plesk.page\/?s={search_term_string}"},"query-input":{"@type":"PropertyValueSpecification","valueRequired":true,"valueName":"search_term_string"}}],"inLanguage":"de"},{"@type":"Organization","@id":"https:\/\/www.elegant-kalam.194-182-172-241.plesk.page\/#organization","name":"Nachhaltige Naturtextilien Unbaa","url":"https:\/\/www.elegant-kalam.194-182-172-241.plesk.page\/","logo":{"@type":"ImageObject","inLanguage":"de","@id":"https:\/\/www.elegant-kalam.194-182-172-241.plesk.page\/#\/schema\/logo\/image\/","url":"https:\/\/www.elegant-kalam.194-182-172-241.plesk.page\/wp-content\/uploads\/2023\/11\/weltmuseium_unbaa2.jpg","contentUrl":"https:\/\/www.elegant-kalam.194-182-172-241.plesk.page\/wp-content\/uploads\/2023\/11\/weltmuseium_unbaa2.jpg","width":114,"height":114,"caption":"Nachhaltige Naturtextilien Unbaa"},"image":{"@id":"https:\/\/www.elegant-kalam.194-182-172-241.plesk.page\/#\/schema\/logo\/image\/"}}]}},"_links":{"self":[{"href":"https:\/\/www.elegant-kalam.194-182-172-241.plesk.page\/index.php?rest_route=\/wp\/v2\/pages\/575","targetHints":{"allow":["GET"]}}],"collection":[{"href":"https:\/\/www.elegant-kalam.194-182-172-241.plesk.page\/index.php?rest_route=\/wp\/v2\/pages"}],"about":[{"href":"https:\/\/www.elegant-kalam.194-182-172-241.plesk.page\/index.php?rest_route=\/wp\/v2\/types\/page"}],"author":[{"embeddable":true,"href":"https:\/\/www.elegant-kalam.194-182-172-241.plesk.page\/index.php?rest_route=\/wp\/v2\/users\/3"}],"replies":[{"embeddable":true,"href":"https:\/\/www.elegant-kalam.194-182-172-241.plesk.page\/index.php?rest_route=%2Fwp%2Fv2%2Fcomments&post=575"}],"version-history":[{"count":72,"href":"https:\/\/www.elegant-kalam.194-182-172-241.plesk.page\/index.php?rest_route=\/wp\/v2\/pages\/575\/revisions"}],"predecessor-version":[{"id":878,"href":"https:\/\/www.elegant-kalam.194-182-172-241.plesk.page\/index.php?rest_route=\/wp\/v2\/pages\/575\/revisions\/878"}],"wp:attachment":[{"href":"https:\/\/www.elegant-kalam.194-182-172-241.plesk.page\/index.php?rest_route=%2Fwp%2Fv2%2Fmedia&parent=575"}],"curies":[{"name":"wp","href":"https:\/\/api.w.org\/{rel}","templated":true}]}}